93
What are the prime factors of 12835555?
5, 2567111
What are the prime factors of 2758849?
41, 67289
What are the prime factors of 2433950?
2, 5, 48679
What are the prime factors of 36612?
2, 3, 113
What are the prime factors of 128699?
41, 43, 73
List the prime factors of 5935240.
2, 5, 148381
What are the prime factors of 6819843?
3, 29, 43, 1823
What are the prime factors of 188396?
2, 13, 3623
List the prime factors of 775693.
17, 103, 443
List the prime factors of 1046985.
3, 5, 223, 313
What are the prime factors of 250502?
2, 7, 29, 617
What are the prime factors of 136075?
5, 5443
What are the prime factors of 22164?
2, 3, 1847
List the prime factors of 849983.
17, 49999
What are the prime factors of 461846?
2, 7, 11, 2999
What are the prime factors of 388239?
3, 127, 1019
List the prime factors of 2693918.
2, 401, 3359
What are the prime factors of 8804690?
2, 5, 29, 97, 313
List the prime factors of 5517042.
2, 3, 41, 547
What are the prime factors of 10611474?
2, 3, 173, 10223
List the prime factors of 93922.
2, 151, 311
What are the prime factors of 1008224?
2, 7, 643
List the prime factors of 1185961.
7, 19, 37, 241
List the prime factors of 293601.
3, 7, 11, 31, 41
List the prime factors of 2129646.
2, 3, 37, 53, 181
List the prime factors of 13115806.
2, 11, 17, 35069
List the prime factors of 817741.
19, 193, 223
List the prime factors of 317509.
17, 19, 983
What are the prime factors of 296546?
2, 31, 4783
List the prime factors of 635103.
3, 7, 17, 593
List the prime factors of 152338.
2, 59, 1291
What are the prime factors of 13577660?
2, 5, 678883
What are the prime factors of 2486164?
2, 621541
What are the prime factors of 703596?
2, 3, 17, 3449
List the prime factors of 426103.
426103
What are the prime factors of 83721?
3, 11, 43, 59
What are the prime factors of 9064797?
3, 7, 431657
What are the prime factors of 27204410?
2, 5, 2720441
List the prime factors of 4811544.
2, 3, 17, 3931
List the prime factors of 293135.
5, 23, 2549
List the prime factors of 17833722.
2, 3, 2972287
What are the prime factors of 14872064?
2, 31, 937
List the prime factors of 15194130.
2, 3, 5, 7, 72353
What are the prime factors of 10736470?
2, 5, 1073647
List the prime factors of 643657.
7, 91951
List the prime factors of 960747.
3, 293, 1093
What are the prime factors of 2466969?
3, 822323
What are the prime factors of 624191?
624191
List the prime factors of 8085314.
2, 37, 2953
List the prime factors of 667555.
5, 7, 19073
List the prime factors of 1116674.
2, 13, 29, 1481
What are the prime factors of 221447?
221447
What are the prime factors of 377723?
17, 1307
What are the prime factors of 4029080?
2, 5, 11, 9157
List the prime factors of 1688895.
3, 5, 13, 2887
List the prime factors of 8135143.
61, 193, 691
What are the prime factors of 765280?
2, 5, 4783
What are the prime factors of 459164?
2, 191, 601
What are the prime factors of 26636?
2, 6659
What are the prime factors of 1912875?
3, 5, 5101
List the prime factors of 11527878.
2, 3, 47, 40879
List the prime factors of 1148532.
2, 3, 7, 11, 113
List the prime factors of 7265461.
7, 941, 1103
List the prime factors of 4730891.
11, 430081
What are the prime factors of 374156?
2, 89, 1051
List the prime factors of 11187287.
1979, 5653
What are the prime factors of 367548?
2, 3, 109, 281
List the prime factors of 208230.
2, 3, 5, 11, 631
What are the prime factors of 5641884?
2, 3, 156719
What are the prime factors of 137166?
2, 3, 22861
List the prime factors of 3639583.
19, 223, 859
What are the prime factors of 1354441?
11, 17, 7243
What are the prime factors of 529832?
2, 103, 643
What are the prime factors of 920410?
2, 5, 92041
List the prime factors of 1942502.
2, 971251
List the prime factors of 13706064.
2, 3, 31727
List the prime factors of 1089940.
2, 5, 54497
What are the prime factors of 485064?
2, 3, 6737
List the prime factors of 4692485.
5, 7, 107, 179
List the prime factors of 280806.
2, 3, 17, 2753
What are the prime factors of 1473632?
2, 46051
List the prime factors of 682382.
2, 341191
List the prime factors of 488656.
2, 7, 4363
What are the prime factors of 440652?
2, 3, 36721
List the prime factors of 100533.
3, 23, 31, 47
List the prime factors of 2512195.
5, 7, 71777
What are the prime factors of 386660?
2, 5, 19333
List the prime factors of 11497.
11497
What are the prime factors of 174315?
3, 5, 11621
What are the prime factors of 1303626?
2, 3, 217271
What are the prime factors of 283038?
2, 3, 7, 23, 293
List the prime factors of 9021788.
2, 2255447
What are the prime factors of 3686?
2, 19, 97
What are the prime factors of 2350101?
3, 13, 60259
What are the prime factors of 2067234?
2, 3, 13, 17, 1559
What are the prime factors of 14179314?
2, 3, 2363219
What are the prime factors of 79453?
11, 31, 233
What are the prime factors of 195921?
3, 11, 1979
What are the prime factors of 3941688?
2, 3, 17, 9661
What are the prime factors of 15733916?
2, 11, 353, 1013
What are the prime factors of 380892?
2, 3, 31741
What are the prime factors of 3248496?
2, 3, 17, 1327
What are the prime factors of 2224564?
2, 421, 1321
List the prime factors of 9221657.
9221657
List the prime factors of 822129.
3, 7, 11, 3559
List the prime factors of 2408630.
2, 5, 7, 19, 1811
List the prime factors of 212002.
2, 7, 19, 797
What are the prime factors of 1225206?
2, 3, 2521
What are the prime factors of 14582606?
2, 7291303
What are the prime factors of 2772516?
2, 3, 29, 31, 257
List the prime factors of 41144298.
2, 3, 13, 67, 7873
What are the prime factors of 5940656?
2, 371291
List the prime factors of 1520388.
2, 3, 157, 269
What are the prime factors of 609696?
2, 3, 29, 73
What are the prime factors of 635159?
7, 31, 2927
List the prime factors of 8370548.
2, 2092637
List the prime factors of 433004.
2, 11, 13, 757
What are the prime factors of 173906?
2, 89, 977
What are the prime factors of 643493?
643493
List the prime factors of 2509137.
3, 30977
What are the prime factors of 327435?
3, 5, 83, 263
What are the prime factors of 14099?
23, 613
List the prime factors of 311472.
2, 3, 7, 103
What are the prime factors of 1465433?
1465433
What are the prime factors of 3540673?
3540673
What are the prime factors of 986431?
61, 103, 157
What are the prime factors of 787635?
3, 5, 23, 761
List the prime factors of 946008.
2, 3, 7, 1877
What are the prime factors of 128089?
13, 59, 167
List the prime factors of 133492.
2, 23, 1451
List the prime factors of 435261.
3, 29, 5003
List the prime factors of 3352783.
7, 509, 941
What are the prime factors of 11808471?
3, 131, 30047
What are the prime factors of 514348?
2, 149, 863
List the prime factors of 11124045.
3, 5, 247201
What are the prime factors of 3173832?
2, 3, 17, 2593
What are the prime factors of 1012471?
499, 2029
List the prime factors of 18157567.
29, 43, 14561
List the prime factors of 697777.
211, 3307
List the prime factors of 3876680.
2, 5, 17, 5701
What are the prime factors of 10516098?
2, 3, 17, 103099
List the prime factors of 4161801.
3, 7, 59, 3359
What are the prime factors of 300595?
5, 79, 761
List the prime factors of 35798147.
7, 11, 19, 24469
What are the prime factors of 24846356?
2, 97, 64037
List the prime factors of 9142229.
9142229
What are the prime factors of 5162652?
2, 3, 11, 13037
What are the prime factors of 751537?
353, 2129
List the prime factors of 7491545.
5, 1498309
What are the prime factors of 297241?
7, 42463
What are the prime factors of 510139?
7, 29, 359
List the prime factors of 587768.
2, 73471
List the prime factors of 4253327.
13, 327179
List the prime factors of 1013675.
5, 13, 3119
What are the prime factors of 8296483?
13, 19, 33589
What are the prime factors of 1778137?
1778137
What are the prime factors of 452445?
3, 5, 7, 31, 139
List the prime factors of 965018.
2, 482509
List the prime factors of 394800.
2, 3, 5, 7, 47
What are the prime factors of 1276620?
2, 3, 5, 21277
List the prime factors of 814164.
2, 3, 13, 17, 307
What are the prime factors of 138300?
2, 3, 5, 461
What are the prime factors of 138980?
2, 5, 6949
What are the prime factors of 2068417?
13, 107, 1487
List the prime factors of 23036.
2, 13, 443
List the prime factors of 113235.
